{"text_format":"3","workbook":"xlsx","n_sheets":3,"sheets":["Stundennachweis_Abrechnung","Datentabelle","Drop Down"],"not_rendered":{"images":1,"defined_names":5,"comments":2},"read":"whole","date_system":"1900"}

{"sheet":"Stundennachweis_Abrechnung","index":0,"n_rows":31,"n_cols":14,"rows_kept":31,"merged":[[2,1,2,4],[2,10,4,11],[4,1,4,4],[5,0,5,3],[6,1,6,4],[6,5,6,6],[6,7,6,8],[8,0,8,3],[8,4,8,6],[8,7,8,8],[8,11,8,13],[9,0,10,0],[9,1,10,1],[9,2,10,2],[9,3,10,3],[9,4,10,4],[9,5,10,5],[9,6,10,6],[9,7,9,8],[9,11,10,11],[9,12,10,12],[9,13,10,13],[25,0,25,1],[25,3,25,4],[25,11,25,12],[26,0,26,1],[26,3,26,4],[29,0,29,1],[29,3,29,4],[30,0,30,1],[30,3,30,4]]}
["Abrechnungsnachweis kirchenmusikalischer Tätigkeiten und Stundennachweis nach Mindestlohngesetz",{"$nulls":9},"Version 6.1 / ab Januar 2026"]
[]
["Arbeitnehmer/in:",{"$nulls":4},"Abrechnungszeitraum (Kalendermonat/Jahr)",{"$nulls":4},"Hinweis: Das Formular ist am Monatsende bei der zuständigen personalverwaltenden Dienststelle einzureichen."]
[]
["Einstufung/\nEntgeltsatz nach Entgeltstufe"]
[]
["Arbeitgeber:"]
[]
["Dokumentation: Arbeitszeit nach MiLoG",{"$nulls":3},"Abrechnungsrelevante Daten",null,null,"Fahrtkostenzuschuss",{"$nulls":3},"Berechnung des Entgelts"]
["Datum","Beginn ","Ende ","Arbeitszeit abzüglich Pausen (in Stunden:\nMinuten)","1) Anlass / Gottesdienst und","Tätigkeit","2) Chorproben / sonstige Tätigkeiten","nur sofern im begründeten Ausnahmefall vertraglich vereinbart",{"$nulls":3},"Vergütungs-satz","Vergütungs-satz sonstige Tätigkeiten","Summe"]
[{"$nulls":7},"Kilometer Wegstrecke KFZ","Fahrtkosten-ersatz ÖPNV","Hilfsspalte Fahrtkosten","Dienstort"]
[{"$nulls":9},{"$f":"ROUND(IF(AND(H12<=5,I12=\"\"),MIN(11,I12*1),MIN(H12*0.3+I12,11)),2)","v":0},null,{"$f":"IF(ISNA(INDEX(Datentabelle!A:O,MATCH(E12&F12,Datentabelle!A:A&Datentabelle!B:B,0),MATCH($B$5,Datentabelle!$A$1:$O$1,0))),0,INDEX(Datentabelle!A:O,MATCH(E12&F12,Datentabelle!A:A&Datentabelle!B:B,0),MATCH($B$5,Datentabelle!$A$1:$O$1,0)))","v":0},{"$f":"IF(ISNA(INDEX(Datentabelle!T:AG,MATCH(Stundennachweis_Abrechnung!G12,Datentabelle!T:T,0),MATCH(Stundennachweis_Abrechnung!$B$5,Datentabelle!$T$1:$AG$1,0))),0,INDEX(Datentabelle!T:AG,MATCH(Stundennachweis_Abrechnung!G12,Datentabelle!T:T,0),MATCH(Stundennachweis_Abrechnung!$B$5,Datentabelle!$T$1:$AG$1,0)))","v":0},{"$f":"ROUND(L12+IF(G12='Drop Down'!$E$14,M12*((D12-INT(D12))*24),Stundennachweis_Abrechnung!M12),2)","v":0}]
[{"$nulls":9},{"$f":"ROUND(IF(AND(H13<=5,I13=\"\"),MIN(11,I13*1),MIN(H13*0.3+I13,11)),2)","v":0},null,{"$f":"IF(ISNA(INDEX(Datentabelle!A:O,MATCH(E13&F13,Datentabelle!A:A&Datentabelle!B:B,0),MATCH($B$5,Datentabelle!$A$1:$O$1,0))),0,INDEX(Datentabelle!A:O,MATCH(E13&F13,Datentabelle!A:A&Datentabelle!B:B,0),MATCH($B$5,Datentabelle!$A$1:$O$1,0)))","v":0},{"$f":"IF(ISNA(INDEX(Datentabelle!T:AG,MATCH(Stundennachweis_Abrechnung!G13,Datentabelle!T:T,0),MATCH(Stundennachweis_Abrechnung!$B$5,Datentabelle!$T$1:$AG$1,0))),0,INDEX(Datentabelle!T:AG,MATCH(Stundennachweis_Abrechnung!G13,Datentabelle!T:T,0),MATCH(Stundennachweis_Abrechnung!$B$5,Datentabelle!$T$1:$AG$1,0)))","v":0},{"$f":"ROUND(L13+IF(G13='Drop Down'!$E$14,M13*((D13-INT(D13))*24),Stundennachweis_Abrechnung!M13),2)","v":0}]
[{"$nulls":9},0,null,{"$f":"IF(ISNA(INDEX(Datentabelle!A:O,MATCH(E14&F14,Datentabelle!A:A&Datentabelle!B:B,0),MATCH($B$5,Datentabelle!$A$1:$O$1,0))),0,INDEX(Datentabelle!A:O,MATCH(E14&F14,Datentabelle!A:A&Datentabelle!B:B,0),MATCH($B$5,Datentabelle!$A$1:$O$1,0)))","v":0},{"$f":"IF(ISNA(INDEX(Datentabelle!T:AG,MATCH(Stundennachweis_Abrechnung!G14,Datentabelle!T:T,0),MATCH(Stundennachweis_Abrechnung!$B$5,Datentabelle!$T$1:$AG$1,0))),0,INDEX(Datentabelle!T:AG,MATCH(Stundennachweis_Abrechnung!G14,Datentabelle!T:T,0),MATCH(Stundennachweis_Abrechnung!$B$5,Datentabelle!$T$1:$AG$1,0)))","v":0},{"$f":"ROUND(L14+IF(G14='Drop Down'!$E$14,M14*((D14-INT(D14))*24),Stundennachweis_Abrechnung!M14),2)","v":0}]
[{"$nulls":9},0,null,{"$f":"IF(ISNA(INDEX(Datentabelle!A:O,MATCH(E15&F15,Datentabelle!A:A&Datentabelle!B:B,0),MATCH($B$5,Datentabelle!$A$1:$O$1,0))),0,INDEX(Datentabelle!A:O,MATCH(E15&F15,Datentabelle!A:A&Datentabelle!B:B,0),MATCH($B$5,Datentabelle!$A$1:$O$1,0)))","v":0},{"$f":"IF(ISNA(INDEX(Datentabelle!T:AG,MATCH(Stundennachweis_Abrechnung!G15,Datentabelle!T:T,0),MATCH(Stundennachweis_Abrechnung!$B$5,Datentabelle!$T$1:$AG$1,0))),0,INDEX(Datentabelle!T:AG,MATCH(Stundennachweis_Abrechnung!G15,Datentabelle!T:T,0),MATCH(Stundennachweis_Abrechnung!$B$5,Datentabelle!$T$1:$AG$1,0)))","v":0},{"$f":"ROUND(L15+IF(G15='Drop Down'!$E$14,M15*((D15-INT(D15))*24),Stundennachweis_Abrechnung!M15),2)","v":0}]
[{"$nulls":9},0,null,{"$f":"IF(ISNA(INDEX(Datentabelle!A:O,MATCH(E16&F16,Datentabelle!A:A&Datentabelle!B:B,0),MATCH($B$5,Datentabelle!$A$1:$O$1,0))),0,INDEX(Datentabelle!A:O,MATCH(E16&F16,Datentabelle!A:A&Datentabelle!B:B,0),MATCH($B$5,Datentabelle!$A$1:$O$1,0)))","v":0},{"$f":"IF(ISNA(INDEX(Datentabelle!T:AG,MATCH(Stundennachweis_Abrechnung!G16,Datentabelle!T:T,0),MATCH(Stundennachweis_Abrechnung!$B$5,Datentabelle!$T$1:$AG$1,0))),0,INDEX(Datentabelle!T:AG,MATCH(Stundennachweis_Abrechnung!G16,Datentabelle!T:T,0),MATCH(Stundennachweis_Abrechnung!$B$5,Datentabelle!$T$1:$AG$1,0)))","v":0},{"$f":"ROUND(L16+IF(G16='Drop Down'!$E$14,M16*((D16-INT(D16))*24),Stundennachweis_Abrechnung!M16),2)","v":0}]
[{"$nulls":9},0,null,{"$f":"IF(ISNA(INDEX(Datentabelle!A:O,MATCH(E17&F17,Datentabelle!A:A&Datentabelle!B:B,0),MATCH($B$5,Datentabelle!$A$1:$O$1,0))),0,INDEX(Datentabelle!A:O,MATCH(E17&F17,Datentabelle!A:A&Datentabelle!B:B,0),MATCH($B$5,Datentabelle!$A$1:$O$1,0)))","v":0},{"$f":"IF(ISNA(INDEX(Datentabelle!T:AG,MATCH(Stundennachweis_Abrechnung!G17,Datentabelle!T:T,0),MATCH(Stundennachweis_Abrechnung!$B$5,Datentabelle!$T$1:$AG$1,0))),0,INDEX(Datentabelle!T:AG,MATCH(Stundennachweis_Abrechnung!G17,Datentabelle!T:T,0),MATCH(Stundennachweis_Abrechnung!$B$5,Datentabelle!$T$1:$AG$1,0)))","v":0},{"$f":"ROUND(L17+IF(G17='Drop Down'!$E$14,M17*((D17-INT(D17))*24),Stundennachweis_Abrechnung!M17),2)","v":0}]
[{"$nulls":9},0,null,{"$f":"IF(ISNA(INDEX(Datentabelle!A:O,MATCH(E18&F18,Datentabelle!A:A&Datentabelle!B:B,0),MATCH($B$5,Datentabelle!$A$1:$O$1,0))),0,INDEX(Datentabelle!A:O,MATCH(E18&F18,Datentabelle!A:A&Datentabelle!B:B,0),MATCH($B$5,Datentabelle!$A$1:$O$1,0)))","v":0},{"$f":"IF(ISNA(INDEX(Datentabelle!T:AG,MATCH(Stundennachweis_Abrechnung!G18,Datentabelle!T:T,0),MATCH(Stundennachweis_Abrechnung!$B$5,Datentabelle!$T$1:$AG$1,0))),0,INDEX(Datentabelle!T:AG,MATCH(Stundennachweis_Abrechnung!G18,Datentabelle!T:T,0),MATCH(Stundennachweis_Abrechnung!$B$5,Datentabelle!$T$1:$AG$1,0)))","v":0},{"$f":"ROUND(L18+IF(G18='Drop Down'!$E$14,M18*((D18-INT(D18))*24),Stundennachweis_Abrechnung!M18),2)","v":0}]
[null,null," ",{"$nulls":6},0,null,{"$f":"IF(ISNA(INDEX(Datentabelle!A:O,MATCH(E19&F19,Datentabelle!A:A&Datentabelle!B:B,0),MATCH($B$5,Datentabelle!$A$1:$O$1,0))),0,INDEX(Datentabelle!A:O,MATCH(E19&F19,Datentabelle!A:A&Datentabelle!B:B,0),MATCH($B$5,Datentabelle!$A$1:$O$1,0)))","v":0},{"$f":"IF(ISNA(INDEX(Datentabelle!T:AG,MATCH(Stundennachweis_Abrechnung!G19,Datentabelle!T:T,0),MATCH(Stundennachweis_Abrechnung!$B$5,Datentabelle!$T$1:$AG$1,0))),0,INDEX(Datentabelle!T:AG,MATCH(Stundennachweis_Abrechnung!G19,Datentabelle!T:T,0),MATCH(Stundennachweis_Abrechnung!$B$5,Datentabelle!$T$1:$AG$1,0)))","v":0},{"$f":"ROUND(L19+IF(G19='Drop Down'!$E$14,M19*((D19-INT(D19))*24),Stundennachweis_Abrechnung!M19),2)","v":0}]
[{"$nulls":9},0,null,{"$f":"IF(ISNA(INDEX(Datentabelle!A:O,MATCH(E20&F20,Datentabelle!A:A&Datentabelle!B:B,0),MATCH($B$5,Datentabelle!$A$1:$O$1,0))),0,INDEX(Datentabelle!A:O,MATCH(E20&F20,Datentabelle!A:A&Datentabelle!B:B,0),MATCH($B$5,Datentabelle!$A$1:$O$1,0)))","v":0},{"$f":"IF(ISNA(INDEX(Datentabelle!T:AG,MATCH(Stundennachweis_Abrechnung!G20,Datentabelle!T:T,0),MATCH(Stundennachweis_Abrechnung!$B$5,Datentabelle!$T$1:$AG$1,0))),0,INDEX(Datentabelle!T:AG,MATCH(Stundennachweis_Abrechnung!G20,Datentabelle!T:T,0),MATCH(Stundennachweis_Abrechnung!$B$5,Datentabelle!$T$1:$AG$1,0)))","v":0},{"$f":"ROUND(L20+IF(G20='Drop Down'!$E$14,M20*((D20-INT(D20))*24),Stundennachweis_Abrechnung!M20),2)","v":0}]
[null,null," ",{"$nulls":6},0,null,{"$f":"IF(ISNA(INDEX(Datentabelle!A:O,MATCH(E21&F21,Datentabelle!A:A&Datentabelle!B:B,0),MATCH($B$5,Datentabelle!$A$1:$O$1,0))),0,INDEX(Datentabelle!A:O,MATCH(E21&F21,Datentabelle!A:A&Datentabelle!B:B,0),MATCH($B$5,Datentabelle!$A$1:$O$1,0)))","v":0},{"$f":"IF(ISNA(INDEX(Datentabelle!T:AG,MATCH(Stundennachweis_Abrechnung!G21,Datentabelle!T:T,0),MATCH(Stundennachweis_Abrechnung!$B$5,Datentabelle!$T$1:$AG$1,0))),0,INDEX(Datentabelle!T:AG,MATCH(Stundennachweis_Abrechnung!G21,Datentabelle!T:T,0),MATCH(Stundennachweis_Abrechnung!$B$5,Datentabelle!$T$1:$AG$1,0)))","v":0},{"$f":"ROUND(L21+IF(G21='Drop Down'!$E$14,M21*((D21-INT(D21))*24),Stundennachweis_Abrechnung!M21),2)","v":0}]
[null,null," ",{"$nulls":6},0,null,{"$f":"IF(ISNA(INDEX(Datentabelle!A:O,MATCH(E22&F22,Datentabelle!A:A&Datentabelle!B:B,0),MATCH($B$5,Datentabelle!$A$1:$O$1,0))),0,INDEX(Datentabelle!A:O,MATCH(E22&F22,Datentabelle!A:A&Datentabelle!B:B,0),MATCH($B$5,Datentabelle!$A$1:$O$1,0)))","v":0},{"$f":"IF(ISNA(INDEX(Datentabelle!T:AG,MATCH(Stundennachweis_Abrechnung!G22,Datentabelle!T:T,0),MATCH(Stundennachweis_Abrechnung!$B$5,Datentabelle!$T$1:$AG$1,0))),0,INDEX(Datentabelle!T:AG,MATCH(Stundennachweis_Abrechnung!G22,Datentabelle!T:T,0),MATCH(Stundennachweis_Abrechnung!$B$5,Datentabelle!$T$1:$AG$1,0)))","v":0},{"$f":"ROUND(L22+IF(G22='Drop Down'!$E$14,M22*((D22-INT(D22))*24),Stundennachweis_Abrechnung!M22),2)","v":0}]
[{"$nulls":6},"Summe Fahrtkostenzuschuss:",{"$f":"SUM(J12:J22)","v":0},{"$nulls":3},"Summe Entgelt:",null,{"$f":"SUM(N12:N22)","v":0}]
[]
[]
[]
["Datum",null,null,"Unterschrift Kirchenmusiker/-in",null,null,"Datum",null,"Unterschrift Sachbearbeiter/-in"]
[]
[]
[]
["Datum",null,null,"Unterschrift Anordnungsberechtigte/-r"]

{"sheet":"Datentabelle","index":1,"n_rows":43,"n_cols":33,"rows_kept":43,"hidden":true}
["Anlass Gottesdienst","Tätigkeit","DE","A","B+50% (Besitzstand gem. § 16 Abs. 2 Anlage 4f zur AVO)","B","90%B","C+50%  (Besitzstand gem. § 16 Abs. 2 Anlage 4f zur AVO)","80%B","C","D+50% (Besitzstand gem. § 16 Abs. 2 Anlage 4f zur AVO)","95%C","D","B (Besitzstand gem. § 16 Abs. 1 Anlage 4f zur AVO)","90%B (Besitzstand nach § 16 Abs. 2 Anlage 4f zur AVO)",{"$nulls":4},"sonstige Tätigkeit","Diensteinheiten","A","B+50% (Besitzstand gem. § 16 Abs. 2 Anlage 4f zur AVO)","B","90%B","C+50%  (Besitzstand gem. § 16 Abs. 2 Anlage 4f zur AVO)","80%B","C","D+50% (Besitzstand gem. § 16 Abs. 2 Anlage 4f zur AVO)","95%C","D","B (Besitzstand gem. § 16 Abs. 1 Anlage 4f zur AVO)","90%B (Besitzstand nach § 16 Abs. 2 Anlage 4f zur AVO)"]
["Gottesdienste an Sonntagen (einschl. Vorabend) und Feiertagen","Orgelspiel",1,{"v":66.38,"d":"66.38 €"},{"$f":"ROUND(F2+(D2-F2)*0.5,2)","v":{"v":61.21,"d":"61.21 €"}},{"v":56.03,"d":"56.03 €"},{"$f":"ROUND(0.9*F2,2)","v":{"v":50.43,"d":"50.43 €"}},{"$f":"ROUND(J2+(F2-J2)*0.5,2)","v":{"v":49.31,"d":"49.31 €"}},{"$f":"ROUND(0.8*F2,2)","v":{"v":44.82,"d":"44.82 €"}},{"v":42.58,"d":"42.58 €"},{"$f":"ROUND(M2+(J2-M2)*0.5,2)","v":{"v":41.13,"d":"41.13 €"}},{"$f":"ROUND(0.95*J2,2)","v":{"v":40.45,"d":"40.45 €"}},{"v":39.67,"d":"39.67 €"},{"v":56.03,"d":"56.030 €"},{"$f":"ROUND(0.9*N2,2)","v":{"v":50.43,"d":"50.430 €"}},{"$nulls":4},"Chorprobe/Ensembleprobe bis einschl. 60 min",1,{"v":66.38,"d":"66.380 €"},{"$f":"ROUND(X2+(V2-X2)*0.5,2)","v":{"v":61.21,"d":"61.210 €"}},{"v":56.03,"d":"56.030 €"},{"$f":"ROUND(0.9*X2,2)","v":{"v":50.43,"d":"50.430 €"}},{"$f":"ROUND(AB2+(X2-AB2)*0.5,2)","v":{"v":49.31,"d":"49.310 €"}},{"$f":"ROUND(0.8*X2,2)","v":{"v":44.82,"d":"44.820 €"}},{"v":42.58,"d":"42.580 €"},{"$f":"ROUND(AE2+(AB2-AE2)*0.5,2)","v":{"v":41.13,"d":"41.130 €"}},{"$f":"ROUND(0.95*AB2,2)","v":{"v":40.45,"d":"40.450 €"}},{"v":39.67,"d":"39.670 €"},{"v":56.03,"d":"56.030 €"},{"$f":"ROUND(0.9*AF2,2)","v":{"v":50.43,"d":"50.430 €"}}]
["Gottesdienste an Sonntagen (einschl. Vorabend) und Feiertagen","Chorleitung (mit Einsingen)",1.5,{"v":99.58,"d":"99.58 €"},{"$f":"ROUND(F3+(D3-F3)*0.5,2)","v":{"v":91.82,"d":"91.82 €"}},{"v":84.05,"d":"84.05 €"},{"$f":"ROUND(0.9*F3,2)","v":{"v":75.65,"d":"75.65 €"}},{"$f":"ROUND(J3+(F3-J3)*0.5,2)","v":{"v":73.97,"d":"73.97 €"}},{"$f":"ROUND(0.8*F3,2)","v":{"v":67.24,"d":"67.24 €"}},{"v":63.88,"d":"63.88 €"},{"$f":"ROUND(M3+(J3-M3)*0.5,2)","v":{"v":61.69,"d":"61.69 €"}},{"$f":"ROUND(0.95*J3,2)","v":{"v":60.69,"d":"60.69 €"}},{"v":59.5,"d":"59.50 €"},{"v":84.05,"d":"84.050 €"},{"$f":"ROUND(0.9*N3,2)","v":{"v":75.65,"d":"75.650 €"}},{"$nulls":4},"Chorprobe/Ensembleprobe bis einschl. 90 min",1.5,{"v":99.58,"d":"99.580 €"},{"v":91.82,"d":"91.820 €"},{"v":84.05,"d":"84.050 €"},{"v":75.65,"d":"75.650 €"},{"v":73.97,"d":"73.970 €"},{"v":67.24,"d":"67.240 €"},{"v":63.88,"d":"63.880 €"},{"v":61.69,"d":"61.690 €"},{"$f":"ROUND(0.95*AB3,2)","v":{"v":60.69,"d":"60.690 €"}},{"v":59.5,"d":"59.500 €"},{"v":84.05,"d":"84.050 €"},{"$f":"ROUND(0.9*AF3,2)","v":{"v":75.65,"d":"75.650 €"}}]
["Gottesdienste an Sonntagen (einschl. Vorabend) und Feiertagen","Orgelspiel und Chorleitung (mit Einsingen)",1.5,{"v":99.58,"d":"99.58 €"},{"v":91.82,"d":"91.82 €"},{"v":84.05,"d":"84.05 €"},{"v":75.65,"d":"75.65 €"},{"v":73.97,"d":"73.97 €"},{"v":67.24,"d":"67.24 €"},{"v":63.88,"d":"63.88 €"},{"v":61.69,"d":"61.69 €"},{"v":60.69,"d":"60.69 €"},{"v":59.5,"d":"59.50 €"},{"v":84.05,"d":"84.050 €"},{"$f":"ROUND(0.9*N4,2)","v":{"v":75.65,"d":"75.650 €"}},{"$nulls":4},"Chorprobe/Ensembleprobe bis einschl. 120 min",2,{"v":132.77,"d":"132.770 €"},{"v":122.42,"d":"122.420 €"},{"v":112.07,"d":"112.070 €"},{"v":100.86,"d":"100.860 €"},{"v":98.62,"d":"98.620 €"},{"v":89.66,"d":"89.660 €"},{"v":85.17,"d":"85.170 €"},{"v":82.25,"d":"82.250 €"},{"v":80.91,"d":"80.910 €"},{"v":79.33,"d":"79.330 €"},{"v":112.07,"d":"112.070 €"},{"v":100.86,"d":"100.860 €"}]
["Werktagsgottesdienst","Orgelspiel",1,{"v":66.38,"d":"66.38 €"},{"v":61.21,"d":"61.21 €"},{"v":56.03,"d":"56.03 €"},{"v":50.43,"d":"50.43 €"},{"v":49.31,"d":"49.31 €"},{"v":44.82,"d":"44.82 €"},{"v":42.58,"d":"42.58 €"},{"v":41.13,"d":"41.13 €"},{"v":40.45,"d":"40.45 €"},{"v":39.67,"d":"39.67 €"},{"v":56.03,"d":"56.030 €"},{"v":50.43,"d":"50.430 €"},{"$nulls":4},"Chorprobe mit Kinder- und Jugendchor bis einschl. 60 min",1,{"v":66.38,"d":"66.380 €"},{"v":61.21,"d":"61.210 €"},{"v":56.03,"d":"56.030 €"},{"v":50.43,"d":"50.430 €"},{"v":49.31,"d":"49.310 €"},{"v":44.82,"d":"44.820 €"},{"v":42.58,"d":"42.580 €"},{"v":41.13,"d":"41.130 €"},{"v":40.45,"d":"40.450 €"},{"v":39.67,"d":"39.670 €"},{"v":56.03,"d":"56.030 €"},{"v":50.43,"d":"50.430 €"}]
["Werktagsgottesdienst","Chorleitung (mit Einsingen)",1.5,{"v":99.58,"d":"99.58 €"},{"$f":"ROUND(F6+(D6-F6)*0.5,2)","v":{"v":91.82,"d":"91.82 €"}},{"v":84.05,"d":"84.05 €"},{"v":75.65,"d":"75.65 €"},{"v":73.97,"d":"73.97 €"},{"v":67.24,"d":"67.24 €"},{"v":63.88,"d":"63.88 €"},{"v":61.69,"d":"61.69 €"},{"v":60.69,"d":"60.69 €"},{"v":59.5,"d":"59.50 €"},{"v":84.05,"d":"84.050 €"},{"v":75.65,"d":"75.650 €"},{"$nulls":4},"Chorprobe mit Kinder- und Jugendchor bis einschl. 90 min",1.5,{"v":99.58,"d":"99.580 €"},{"v":91.82,"d":"91.820 €"},{"v":84.05,"d":"84.050 €"},{"v":75.65,"d":"75.650 €"},{"v":73.97,"d":"73.970 €"},{"v":67.24,"d":"67.240 €"},{"v":63.88,"d":"63.880 €"},{"v":61.69,"d":"61.690 €"},{"v":60.69,"d":"60.690 €"},{"v":59.5,"d":"59.500 €"},{"v":84.05,"d":"84.050 €"},{"v":75.65,"d":"75.650 €"}]
["Werktagsgottesdienst","Orgelspiel und Chorleitung (mit Einsingen)",1.5,{"v":99.58,"d":"99.58 €"},{"$f":"ROUND(F7+(D7-F7)*0.5,2)","v":{"v":91.82,"d":"91.82 €"}},{"v":84.05,"d":"84.05 €"},{"v":75.65,"d":"75.65 €"},{"v":73.97,"d":"73.97 €"},{"v":67.24,"d":"67.24 €"},{"v":63.88,"d":"63.88 €"},{"v":61.69,"d":"61.69 €"},{"v":60.69,"d":"60.69 €"},{"v":59.5,"d":"59.50 €"},{"v":84.05,"d":"84.050 €"},{"v":75.65,"d":"75.650 €"},{"$nulls":4},"Prozession mit Chorgesang bis einschl. 60 min",1,{"v":66.38,"d":"66.380 €"},{"v":61.21,"d":"61.210 €"},{"v":56.03,"d":"56.030 €"},{"v":50.43,"d":"50.430 €"},{"v":49.31,"d":"49.310 €"},{"v":44.82,"d":"44.820 €"},{"v":42.58,"d":"42.580 €"},{"v":41.13,"d":"41.130 €"},{"v":40.45,"d":"40.450 €"},{"v":39.67,"d":"39.670 €"},{"v":56.03,"d":"56.030 €"},{"v":50.43,"d":"50.430 €"}]
["Christmette","Orgelspiel",2,{"v":132.77,"d":"132.77 €"},{"v":122.42,"d":"122.42 €"},{"v":112.07,"d":"112.07 €"},{"v":100.86,"d":"100.86 €"},{"v":98.62,"d":"98.62 €"},{"v":89.66,"d":"89.66 €"},{"v":85.17,"d":"85.17 €"},{"v":82.25,"d":"82.25 €"},{"v":80.91,"d":"80.91 €"},{"v":79.33,"d":"79.33 €"},{"v":112.07,"d":"112.070 €"},{"v":100.86,"d":"100.860 €"},{"$nulls":4},"Prozession mit Chorgesang bis einschl. 90 min",1.5,{"v":99.58,"d":"99.580 €"},{"v":91.82,"d":"91.820 €"},{"v":84.05,"d":"84.050 €"},{"v":75.65,"d":"75.650 €"},{"v":73.97,"d":"73.970 €"},{"v":67.24,"d":"67.240 €"},{"v":63.88,"d":"63.880 €"},{"v":61.69,"d":"61.690 €"},{"v":60.69,"d":"60.690 €"},{"v":59.5,"d":"59.500 €"},{"v":84.05,"d":"84.050 €"},{"v":75.65,"d":"75.650 €"}]
["Christmette","Chorleitung (mit Einsingen)",2.5,{"v":165.96,"d":"165.96 €"},{"v":153.02,"d":"153.02 €"},{"v":140.08,"d":"140.08 €"},{"v":126.07,"d":"126.07 €"},{"v":123.27,"d":"123.27 €"},{"v":112.06,"d":"112.06 €"},{"v":106.46,"d":"106.46 €"},{"v":102.82,"d":"102.82 €"},{"v":101.14,"d":"101.14 €"},{"v":99.17,"d":"99.17 €"},{"v":140.08,"d":"140.080 €"},{"v":126.07,"d":"126.070 €"},{"$nulls":4},"Unterricht bis einschl. 30 min",0.5,{"v":33.19,"d":"33.190 €"},{"v":30.61,"d":"30.610 €"},{"v":28.02,"d":"28.020 €"},{"v":25.22,"d":"25.220 €"},{"v":24.66,"d":"24.660 €"},{"v":22.42,"d":"22.420 €"},{"v":21.29,"d":"21.290 €"},{"v":20.56,"d":"20.560 €"},{"v":20.23,"d":"20.230 €"},{"v":19.83,"d":"19.830 €"},{"v":28.02,"d":"28.020 €"},{"v":25.22,"d":"25.220 €"}]
["Christmette","Orgelspiel und Chorleitung (mit Einsingen)",2.5,{"v":165.96,"d":"165.96 €"},{"v":153.02,"d":"153.02 €"},{"v":140.08,"d":"140.08 €"},{"v":126.07,"d":"126.07 €"},{"v":123.27,"d":"123.27 €"},{"v":112.06,"d":"112.06 €"},{"v":106.46,"d":"106.46 €"},{"v":102.82,"d":"102.82 €"},{"v":101.14,"d":"101.14 €"},{"v":99.17,"d":"99.17 €"},{"v":140.08,"d":"140.080 €"},{"v":126.07,"d":"126.070 €"},{"$nulls":4},"Unterricht bis einschl. 60 min",1,{"v":66.38,"d":"66.380 €"},{"v":61.21,"d":"61.210 €"},{"v":56.03,"d":"56.030 €"},{"v":50.43,"d":"50.430 €"},{"v":49.31,"d":"49.310 €"},{"v":44.82,"d":"44.820 €"},{"v":42.58,"d":"42.580 €"},{"v":41.13,"d":"41.130 €"},{"v":40.45,"d":"40.450 €"},{"v":39.67,"d":"39.670 €"},{"v":56.03,"d":"56.030 €"},{"v":50.43,"d":"50.430 €"}]
["Kinderchristmette","Orgelspiel",1,{"v":66.38,"d":"66.38 €"},{"v":61.21,"d":"61.21 €"},{"v":56.03,"d":"56.03 €"},{"v":50.43,"d":"50.43 €"},{"v":49.31,"d":"49.31 €"},{"v":44.82,"d":"44.82 €"},{"v":42.58,"d":"42.58 €"},{"v":41.11,"d":"41.11 €"},{"v":40.45,"d":"40.45 €"},{"v":39.64,"d":"39.64 €"},{"v":56.03,"d":"56.030 €"},{"v":50.43,"d":"50.430 €"},{"$nulls":4},"Konzertdauer bis einschl. 60 Minuten + Einsingen/Einspielen",1.5,{"v":99.58,"d":"99.580 €"},{"v":91.82,"d":"91.820 €"},{"v":84.05,"d":"84.050 €"},{"v":75.65,"d":"75.650 €"},{"v":73.97,"d":"73.970 €"},{"v":67.24,"d":"67.240 €"},{"v":63.88,"d":"63.880 €"},{"v":61.69,"d":"61.690 €"},{"v":60.69,"d":"60.690 €"},{"v":59.5,"d":"59.500 €"},{"v":84.05,"d":"84.050 €"},{"v":75.65,"d":"75.650 €"}]
["Kinderchristmette","Chorleitung (mit Einsingen)",1.5,{"v":99.58,"d":"99.58 €"},{"v":91.82,"d":"91.82 €"},{"v":84.05,"d":"84.05 €"},{"v":75.65,"d":"75.65 €"},{"v":73.97,"d":"73.97 €"},{"v":67.24,"d":"67.24 €"},{"v":63.88,"d":"63.88 €"},{"v":61.69,"d":"61.69 €"},{"v":60.69,"d":"60.69 €"},{"v":59.5,"d":"59.50 €"},{"v":84.05,"d":"84.050 €"},{"v":75.65,"d":"75.650 €"},{"$nulls":4},"Konzertdauer bis einschl. 90 Minuten + Einsingen/Einspielen",2,{"v":132.77,"d":"132.770 €"},{"v":122.42,"d":"122.420 €"},{"v":112.07,"d":"112.070 €"},{"v":100.86,"d":"100.860 €"},{"v":98.62,"d":"98.620 €"},{"v":89.66,"d":"89.660 €"},{"v":85.17,"d":"85.170 €"},{"v":82.25,"d":"82.250 €"},{"v":80.91,"d":"80.910 €"},{"v":79.33,"d":"79.330 €"},{"v":112.07,"d":"112.070 €"},{"v":100.86,"d":"100.860 €"}]
["Kinderchristmette","Orgelspiel und Chorleitung (mit Einsingen)",1.5,{"v":99.58,"d":"99.58 €"},{"v":91.82,"d":"91.82 €"},{"v":84.05,"d":"84.05 €"},{"v":75.65,"d":"75.65 €"},{"v":73.97,"d":"73.97 €"},{"v":67.24,"d":"67.24 €"},{"v":63.88,"d":"63.88 €"},{"v":61.69,"d":"61.69 €"},{"v":60.69,"d":"60.69 €"},{"v":59.5,"d":"59.50 €"},{"v":84.05,"d":"84.050 €"},{"v":75.65,"d":"75.650 €"},{"$nulls":4},"Konzertdauer über 90 Minuten + Einsingen/Einspielen",2.5,{"v":165.96,"d":"165.960 €"},{"v":153.02,"d":"153.020 €"},{"v":140.08,"d":"140.080 €"},{"v":126.07,"d":"126.070 €"},{"v":123.27,"d":"123.270 €"},{"v":112.06,"d":"112.060 €"},{"v":106.46,"d":"106.460 €"},{"v":102.82,"d":"102.820 €"},{"v":101.14,"d":"101.140 €"},{"v":99.17,"d":"99.170 €"},{"v":140.08,"d":"140.080 €"},{"v":126.07,"d":"126.070 €"}]
["Gottesdienst in der Osternacht","Orgelspiel",2,{"v":132.77,"d":"132.77 €"},{"v":122.42,"d":"122.42 €"},{"v":112.07,"d":"112.07 €"},{"v":100.86,"d":"100.86 €"},{"v":98.62,"d":"98.62 €"},{"v":89.66,"d":"89.66 €"},{"v":85.17,"d":"85.17 €"},{"v":82.25,"d":"82.25 €"},{"v":80.91,"d":"80.91 €"},{"v":79.33,"d":"79.33 €"},{"v":112.07,"d":"112.070 €"},{"v":100.86,"d":"100.860 €"},{"$nulls":4},{"$f":"'Drop Down'!E14","v":"Sonstige vereinbarte Tätigkeit gem. § 12 Abs. 3 Anlage 4f zur AVO"},null,{"v":39.83,"d":"39.830 €"},{"v":36.73,"d":"36.730 €"},{"v":33.62,"d":"33.620 €"},{"v":30.26,"d":"30.260 €"},{"v":29.59,"d":"29.590 €"},{"v":26.9,"d":"26.900 €"},{"v":25.55,"d":"25.550 €"},{"v":24.68,"d":"24.680 €"},{"v":24.27,"d":"24.270 €"},{"v":23.8,"d":"23.800 €"},{"v":33.62,"d":"33.620 €"},{"v":30.26,"d":"30.260 €"}]
["Gottesdienst in der Osternacht","Chorleitung (mit Einsingen)",2.5,{"v":165.96,"d":"165.96 €"},{"v":153.02,"d":"153.02 €"},{"v":140.08,"d":"140.08 €"},{"v":126.07,"d":"126.07 €"},{"v":123.27,"d":"123.27 €"},{"v":112.06,"d":"112.06 €"},{"v":106.46,"d":"106.46 €"},{"v":102.82,"d":"102.82 €"},{"v":101.14,"d":"101.14 €"},{"v":99.17,"d":"99.17 €"},{"v":140.08,"d":"140.080 €"},{"v":126.07,"d":"126.070 €"}]
["Gottesdienst in der Osternacht","Orgelspiel und Chorleitung (mit Einsingen)",2.5,{"v":165.96,"d":"165.96 €"},{"v":153.02,"d":"153.02 €"},{"v":140.08,"d":"140.08 €"},{"v":126.07,"d":"126.07 €"},{"v":123.27,"d":"123.27 €"},{"v":112.06,"d":"112.06 €"},{"v":106.46,"d":"106.46 €"},{"v":102.82,"d":"102.82 €"},{"v":101.14,"d":"101.14 €"},{"v":99.17,"d":"99.17 €"},{"v":140.08,"d":"140.080 €"},{"v":126.07,"d":"126.070 €"}]
["Gottesdienst am Gründonnerstag","Orgelspiel",1,{"v":66.38,"d":"66.38 €"},{"v":61.21,"d":"61.21 €"},{"v":56.03,"d":"56.03 €"},{"v":50.43,"d":"50.43 €"},{"v":49.31,"d":"49.31 €"},{"v":44.82,"d":"44.82 €"},{"v":42.58,"d":"42.58 €"},{"v":41.13,"d":"41.13 €"},{"v":40.45,"d":"40.45 €"},{"v":39.67,"d":"39.67 €"},{"v":56.03,"d":"56.030 €"},{"v":50.43,"d":"50.430 €"}]
["Gottesdienst am Gründonnerstag","Chorleitung (mit Einsingen)",1.5,{"v":99.58,"d":"99.58 €"},{"v":91.82,"d":"91.82 €"},{"v":84.05,"d":"84.05 €"},{"v":75.65,"d":"75.65 €"},{"v":73.97,"d":"73.97 €"},{"v":67.24,"d":"67.24 €"},{"v":63.88,"d":"63.88 €"},{"v":61.69,"d":"61.69 €"},{"v":60.69,"d":"60.69 €"},{"v":59.5,"d":"59.50 €"},{"v":84.05,"d":"84.050 €"},{"v":75.65,"d":"75.650 €"}]
["Gottesdienst am Gründonnerstag","Orgelspiel und Chorleitung (mit Einsingen)",1.5,{"v":99.58,"d":"99.58 €"},{"v":91.82,"d":"91.82 €"},{"v":84.05,"d":"84.05 €"},{"v":75.65,"d":"75.65 €"},{"v":73.97,"d":"73.97 €"},{"v":67.24,"d":"67.24 €"},{"v":63.88,"d":"63.88 €"},{"v":61.69,"d":"61.69 €"},{"v":60.69,"d":"60.69 €"},{"v":59.5,"d":"59.50 €"},{"v":84.05,"d":"84.050 €"},{"v":75.65,"d":"75.650 €"}]
["Karfreitagsliturgie","Orgelspiel",1.5,{"v":99.58,"d":"99.58 €"},{"v":91.82,"d":"91.82 €"},{"v":84.05,"d":"84.05 €"},{"v":75.65,"d":"75.65 €"},{"v":73.97,"d":"73.97 €"},{"v":67.24,"d":"67.24 €"},{"v":63.88,"d":"63.88 €"},{"v":61.69,"d":"61.69 €"},{"v":60.69,"d":"60.69 €"},{"v":59.5,"d":"59.50 €"},{"v":84.05,"d":"84.050 €"},{"v":75.65,"d":"75.650 €"}]
["Karfreitagsliturgie","Chorleitung (mit Einsingen)",2,{"v":132.77,"d":"132.77 €"},{"v":122.42,"d":"122.42 €"},{"v":112.07,"d":"112.07 €"},{"v":100.86,"d":"100.86 €"},{"v":98.62,"d":"98.62 €"},{"v":89.66,"d":"89.66 €"},{"v":85.17,"d":"85.17 €"},{"v":82.25,"d":"82.25 €"},{"v":80.91,"d":"80.91 €"},{"v":79.33,"d":"79.33 €"},{"v":112.07,"d":"112.070 €"},{"v":100.86,"d":"100.860 €"}]
["Karfreitagsliturgie","Orgelspiel und Chorleitung (mit Einsingen)",2,{"v":132.77,"d":"132.77 €"},{"v":122.42,"d":"122.42 €"},{"v":112.07,"d":"112.07 €"},{"v":100.86,"d":"100.86 €"},{"v":98.62,"d":"98.62 €"},{"v":89.66,"d":"89.66 €"},{"v":85.17,"d":"85.17 €"},{"v":82.25,"d":"82.25 €"},{"v":80.91,"d":"80.91 €"},{"v":79.33,"d":"79.33 €"},{"v":112.07,"d":"112.070 €"},{"v":100.86,"d":"100.860 €"}]
["Erstkommunionsfeiern","Orgelspiel",1.5,{"v":99.58,"d":"99.58 €"},{"v":91.82,"d":"91.82 €"},{"v":84.05,"d":"84.05 €"},{"v":75.65,"d":"75.65 €"},{"v":73.97,"d":"73.97 €"},{"v":67.24,"d":"67.24 €"},{"v":63.88,"d":"63.88 €"},{"v":61.69,"d":"61.69 €"},{"v":60.69,"d":"60.69 €"},{"v":59.5,"d":"59.50 €"},{"v":84.05,"d":"84.050 €"},{"v":75.65,"d":"75.650 €"}]
["Erstkommunionsfeiern","Chorleitung (mit Einsingen)",2,{"v":132.77,"d":"132.77 €"},{"v":122.42,"d":"122.42 €"},{"v":112.07,"d":"112.07 €"},{"v":100.86,"d":"100.86 €"},{"v":98.62,"d":"98.62 €"},{"v":89.66,"d":"89.66 €"},{"v":85.17,"d":"85.17 €"},{"v":82.25,"d":"82.25 €"},{"v":80.91,"d":"80.91 €"},{"v":79.33,"d":"79.33 €"},{"v":112.07,"d":"112.070 €"},{"v":100.86,"d":"100.860 €"}]
["Erstkommunionsfeiern","Orgelspiel und Chorleitung (mit Einsingen)",2,{"v":132.77,"d":"132.77 €"},{"v":122.42,"d":"122.42 €"},{"v":112.07,"d":"112.07 €"},{"v":100.86,"d":"100.86 €"},{"v":98.62,"d":"98.62 €"},{"v":89.66,"d":"89.66 €"},{"v":85.17,"d":"85.17 €"},{"v":82.25,"d":"82.25 €"},{"v":80.91,"d":"80.91 €"},{"v":79.33,"d":"79.33 €"},{"v":112.07,"d":"112.070 €"},{"v":100.86,"d":"100.860 €"}]
["Firmungen","Orgelspiel",2,{"v":132.77,"d":"132.77 €"},{"v":122.42,"d":"122.42 €"},{"v":112.07,"d":"112.07 €"},{"v":100.86,"d":"100.86 €"},{"v":98.62,"d":"98.62 €"},{"v":89.66,"d":"89.66 €"},{"v":85.17,"d":"85.17 €"},{"v":82.25,"d":"82.25 €"},{"v":80.91,"d":"80.91 €"},{"v":79.33,"d":"79.33 €"},{"v":112.07,"d":"112.070 €"},{"v":100.86,"d":"100.860 €"}]
["Firmungen","Chorleitung (mit Einsingen)",2.5,{"v":165.96,"d":"165.96 €"},{"v":153.02,"d":"153.02 €"},{"v":140.08,"d":"140.08 €"},{"v":126.07,"d":"126.07 €"},{"v":123.27,"d":"123.27 €"},{"v":112.06,"d":"112.06 €"},{"v":106.46,"d":"106.46 €"},{"v":102.82,"d":"102.82 €"},{"v":101.14,"d":"101.14 €"},{"v":99.17,"d":"99.17 €"},{"v":140.08,"d":"140.080 €"},{"v":126.07,"d":"126.070 €"}]
["Firmungen","Orgelspiel und Chorleitung (mit Einsingen)",2.5,{"v":165.96,"d":"165.96 €"},{"v":153.02,"d":"153.02 €"},{"v":140.08,"d":"140.08 €"},{"v":126.07,"d":"126.07 €"},{"v":123.27,"d":"123.27 €"},{"v":112.06,"d":"112.06 €"},{"v":106.46,"d":"106.46 €"},{"v":102.82,"d":"102.82 €"},{"v":101.14,"d":"101.14 €"},{"v":99.17,"d":"99.17 €"},{"v":140.08,"d":"140.080 €"},{"v":126.07,"d":"126.070 €"}]
["Tauffeiern","Orgelspiel",1,{"v":66.38,"d":"66.38 €"},{"v":61.21,"d":"61.21 €"},{"v":56.03,"d":"56.03 €"},{"v":50.43,"d":"50.43 €"},{"v":49.31,"d":"49.31 €"},{"v":44.82,"d":"44.82 €"},{"v":42.58,"d":"42.58 €"},{"v":41.13,"d":"41.13 €"},{"v":40.45,"d":"40.45 €"},{"v":39.67,"d":"39.67 €"},{"v":56.03,"d":"56.030 €"},{"v":50.43,"d":"50.430 €"}]
["Tauffeiern","Chorleitung (mit Einsingen)",1.5,{"v":99.58,"d":"99.58 €"},{"v":91.82,"d":"91.82 €"},{"v":84.05,"d":"84.05 €"},{"v":75.65,"d":"75.65 €"},{"v":73.97,"d":"73.97 €"},{"v":67.24,"d":"67.24 €"},{"v":63.88,"d":"63.88 €"},{"v":61.69,"d":"61.69 €"},{"v":60.69,"d":"60.69 €"},{"v":59.5,"d":"59.50 €"},{"v":84.05,"d":"84.050 €"},{"v":75.65,"d":"75.650 €"}]
["Tauffeiern","Orgelspiel und Chorleitung (mit Einsingen)",1.5,{"v":99.58,"d":"99.58 €"},{"v":91.82,"d":"91.82 €"},{"v":84.05,"d":"84.05 €"},{"v":75.65,"d":"75.65 €"},{"v":73.97,"d":"73.97 €"},{"v":67.24,"d":"67.24 €"},{"v":63.88,"d":"63.88 €"},{"v":61.69,"d":"61.69 €"},{"v":60.69,"d":"60.69 €"},{"v":59.5,"d":"59.50 €"},{"v":84.05,"d":"84.050 €"},{"v":75.65,"d":"75.650 €"}]
["Trauungen","Orgelspiel",1,{"v":66.38,"d":"66.38 €"},{"v":61.21,"d":"61.21 €"},{"v":56.03,"d":"56.03 €"},{"v":50.43,"d":"50.43 €"},{"v":49.31,"d":"49.31 €"},{"v":44.82,"d":"44.82 €"},{"v":42.58,"d":"42.58 €"},{"v":41.13,"d":"41.13 €"},{"v":40.45,"d":"40.45 €"},{"v":39.67,"d":"39.67 €"},{"v":56.03,"d":"56.030 €"},{"v":50.43,"d":"50.430 €"}]
["Trauungen","Chorleitung (mit Einsingen)",1.5,{"v":99.58,"d":"99.58 €"},{"v":91.82,"d":"91.82 €"},{"v":84.05,"d":"84.05 €"},{"v":75.65,"d":"75.65 €"},{"v":73.97,"d":"73.97 €"},{"v":67.24,"d":"67.24 €"},{"v":63.88,"d":"63.88 €"},{"v":61.69,"d":"61.69 €"},{"v":60.69,"d":"60.69 €"},{"v":59.5,"d":"59.50 €"},{"v":84.05,"d":"84.050 €"},{"v":75.65,"d":"75.650 €"}]
["Trauungen","Orgelspiel und Chorleitung (mit Einsingen)",1.5,{"v":99.58,"d":"99.58 €"},{"v":91.82,"d":"91.82 €"},{"v":84.05,"d":"84.05 €"},{"v":75.65,"d":"75.65 €"},{"v":73.97,"d":"73.97 €"},{"v":67.24,"d":"67.24 €"},{"v":63.88,"d":"63.88 €"},{"v":61.69,"d":"61.69 €"},{"v":60.69,"d":"60.69 €"},{"v":59.5,"d":"59.50 €"},{"v":84.05,"d":"84.050 €"},{"v":75.65,"d":"75.650 €"}]
["Seelenamt + Aussegnung \nbzw. Trauerfeier + Aussegnung","Orgelspiel",1,{"v":66.38,"d":"66.38 €"},{"v":61.21,"d":"61.21 €"},{"v":56.03,"d":"56.03 €"},{"v":50.43,"d":"50.43 €"},{"v":49.31,"d":"49.31 €"},{"v":44.82,"d":"44.82 €"},{"v":42.58,"d":"42.58 €"},{"v":41.13,"d":"41.13 €"},{"v":40.45,"d":"40.45 €"},{"v":39.67,"d":"39.67 €"},{"v":56.03,"d":"56.030 €"},{"v":50.43,"d":"50.430 €"}]
["Seelenamt + Aussegnung \nbzw. Trauerfeier + Aussegnung","Chorleitung (mit Einsingen)",1.5,{"v":99.58,"d":"99.58 €"},{"v":91.82,"d":"91.82 €"},{"v":84.05,"d":"84.05 €"},{"v":75.65,"d":"75.65 €"},{"v":73.97,"d":"73.97 €"},{"v":67.24,"d":"67.24 €"},{"v":63.88,"d":"63.88 €"},{"v":61.69,"d":"61.69 €"},{"v":60.69,"d":"60.69 €"},{"v":59.5,"d":"59.50 €"},{"v":84.05,"d":"84.050 €"},{"v":75.65,"d":"75.650 €"}]
["Seelenamt + Aussegnung \nbzw. Trauerfeier + Aussegnung","Orgelspiel und Chorleitung (mit Einsingen)",1.5,{"v":99.58,"d":"99.58 €"},{"v":91.82,"d":"91.82 €"},{"v":84.05,"d":"84.05 €"},{"v":75.65,"d":"75.65 €"},{"v":73.97,"d":"73.97 €"},{"v":67.24,"d":"67.24 €"},{"v":63.88,"d":"63.88 €"},{"v":61.69,"d":"61.69 €"},{"v":60.69,"d":"60.69 €"},{"v":59.5,"d":"59.50 €"},{"v":84.05,"d":"84.050 €"},{"v":75.65,"d":"75.650 €"}]
["Andachten (bis einschl. 30min)","Orgelspiel",0.5,{"v":33.19,"d":"33.19 €"},{"v":30.61,"d":"30.61 €"},{"v":28.02,"d":"28.02 €"},{"v":25.22,"d":"25.22 €"},{"v":24.66,"d":"24.66 €"},{"v":22.42,"d":"22.42 €"},{"v":21.29,"d":"21.29 €"},{"v":20.56,"d":"20.56 €"},{"v":20.23,"d":"20.23 €"},{"v":19.83,"d":"19.83 €"},{"v":28.02,"d":"28.020 €"},{"$f":"ROUND(0.9*N38,2)","v":{"v":25.22,"d":"25.220 €"}}]
["Andachten (bis einschl. 30min)","Chorleitung (mit Einsingen)",1,{"v":66.38,"d":"66.38 €"},{"v":61.21,"d":"61.21 €"},{"v":56.03,"d":"56.03 €"},{"v":50.43,"d":"50.43 €"},{"v":49.31,"d":"49.31 €"},{"v":44.82,"d":"44.82 €"},{"v":42.58,"d":"42.58 €"},{"v":41.13,"d":"41.13 €"},{"v":40.45,"d":"40.45 €"},{"v":39.67,"d":"39.67 €"},{"v":56.03,"d":"56.030 €"},{"v":50.43,"d":"50.430 €"}]
["Andachten (bis einschl. 30min)","Orgelspiel und Chorleitung (mit Einsingen)",1,{"v":66.38,"d":"66.38 €"},{"v":61.21,"d":"61.21 €"},{"v":56.03,"d":"56.03 €"},{"v":50.43,"d":"50.43 €"},{"v":49.31,"d":"49.31 €"},{"v":44.82,"d":"44.82 €"},{"v":42.58,"d":"42.58 €"},{"v":41.13,"d":"41.13 €"},{"v":40.45,"d":"40.45 €"},{"v":39.67,"d":"39.67 €"},{"v":56.03,"d":"56.030 €"},{"v":50.43,"d":"50.430 €"}]
["Andachten (bis einschl. 60min)","Orgelspiel",1,{"v":66.38,"d":"66.38 €"},{"v":61.21,"d":"61.21 €"},{"v":56.03,"d":"56.03 €"},{"v":50.43,"d":"50.43 €"},{"v":49.31,"d":"49.31 €"},{"v":44.82,"d":"44.82 €"},{"v":42.58,"d":"42.58 €"},{"v":41.13,"d":"41.13 €"},{"v":40.45,"d":"40.45 €"},{"v":39.67,"d":"39.67 €"},{"v":56.03,"d":"56.030 €"},{"v":50.43,"d":"50.430 €"}]
["Andachten (bis einschl. 60min)","Chorleitung (mit Einsingen)",1.5,{"v":99.58,"d":"99.58 €"},{"v":91.82,"d":"91.82 €"},{"v":84.05,"d":"84.05 €"},{"v":75.65,"d":"75.65 €"},{"v":73.97,"d":"73.97 €"},{"v":67.24,"d":"67.24 €"},{"v":63.88,"d":"63.88 €"},{"v":61.69,"d":"61.69 €"},{"v":60.69,"d":"60.69 €"},{"v":59.5,"d":"59.50 €"},{"v":84.05,"d":"84.050 €"},{"v":75.65,"d":"75.650 €"}]
["Andachten (bis einschl. 60min)","Orgelspiel und Chorleitung (mit Einsingen)",1.5,{"v":99.58,"d":"99.58 €"},{"v":91.82,"d":"91.82 €"},{"v":84.05,"d":"84.05 €"},{"v":75.65,"d":"75.65 €"},{"v":73.97,"d":"73.97 €"},{"v":67.24,"d":"67.24 €"},{"v":63.88,"d":"63.88 €"},{"v":61.69,"d":"61.69 €"},{"v":60.69,"d":"60.69 €"},{"v":59.5,"d":"59.50 €"},{"v":84.05,"d":"84.050 €"},{"v":75.65,"d":"75.650 €"}]

{"sheet":"Drop Down","index":2,"n_rows":37,"n_cols":15,"rows_kept":37,"hidden":true}
["Gottesdienst",null,"Tätigkeiten",null,"sonstige Tätigkeiten",null,"Qualifikation",null,"Arbeitgeber",null,"Auftraggeber",null,"GKG",null,"Fonds"]
["Gottesdienste an Sonntagen (einschl. Vorabend) und Feiertagen",null,"Orgelspiel",null,"Chorprobe/Ensembleprobe bis einschl. 60 min",null,"A",null,"Acher-Renchtal",null,"Römisch-katholische Kirchengemeinde",{"$nulls":3},"Lindenberg"]
["Werktagsgottesdienst",null,"Chorleitung (mit Einsingen)",null,"Chorprobe/Ensembleprobe bis einschl. 90 min",null,"B",null,"An der Elz",null,"Erzdiözese Freiburg"]
["Christmette",null,"Orgelspiel und Chorleitung (mit Einsingen)",null,"Chorprobe/Ensembleprobe bis einschl. 120 min",null,"90%B",null,"An der Wutach",null,"Kapellenfond Lindenberg"]
["Kinderchristmette",{"$nulls":3},"Chorprobe mit Kinder- und Jugendchor bis einschl. 60 min",null,"80%B",null,"An Tauber und Main"]
["Gottesdienst in der Osternacht",{"$nulls":3},"Chorprobe mit Kinder- und Jugendchor bis einschl. 90 min",null,"C",null,"Baden-Baden"]
["Gottesdienst am Gründonnerstag",{"$nulls":3},"Prozession mit Chorgesang bis einschl. 60 min",null,"95%C",null,"Bauland-Odenwald"]
["Karfreitagsliturgie",{"$nulls":3},"Prozession mit Chorgesang bis einschl. 90 min",null,"D",null,"Bodensee-Hegau"]
["Erstkommunionsfeiern",{"$nulls":3},"Unterricht bis einschl. 30 min",null,"B+50% (Besitzstand gem. § 16 Abs. 2 Anlage 4f zur AVO)",null,"Breisgau-Markgräflerland"]
["Firmungen",{"$nulls":3},"Unterricht bis einschl. 60 min",null,"C+50%  (Besitzstand gem. § 16 Abs. 2 Anlage 4f zur AVO)",null,"Edith Stein Bruchsal"]
["Tauffeiern",{"$nulls":3},"Konzertdauer bis einschl. 60 Minuten + Einsingen/Einspielen",null,"D+50% (Besitzstand gem. § 16 Abs. 2 Anlage 4f zur AVO)",null,"Freiburg im Breisgau"]
["Trauungen",{"$nulls":3},"Konzertdauer bis einschl. 90 Minuten + Einsingen/Einspielen",null,"B (Besitzstand gem. § 16 Abs. 1 Anlage 4f zur AVO)",null,"Hegau"]
["Seelenamt + Aussegnung \nbzw. Trauerfeier + Aussegnung",{"$nulls":3},"Konzertdauer über 90 Minuten + Einsingen/Einspielen",null,"90%B (Besitzstand nach § 16 Abs. 2 Anlage 4f zur AVO)",null,"Heidelberg"]
["Andachten (bis einschl. 30min)",{"$nulls":3},"Sonstige vereinbarte Tätigkeit gem. § 12 Abs. 3 Anlage 4f zur AVO",{"$nulls":3},"Herz Jesu Pforzheim"]
["Andachten (bis einschl. 60min)",{"$nulls":7},"Hl. Dreifaltigkeit Donaueschingen"]
[{"$nulls":8},"Hochrhein-Südschwarzwald"]
[{"$nulls":8},"Hochschwarzwald"]
[{"$nulls":8},"Im Quellenland"]
[{"$nulls":8},"Karlsruhe"]
[{"$nulls":8},"Kinzigtal"]
[{"$nulls":8},"Konstanz"]
[{"$nulls":8},"Kraichgau"]
[{"$nulls":8},"Lauda"]
[{"$nulls":8},"Linzgau-Bodensee"]
[{"$nulls":8},"Mannheim"]
[{"$nulls":8},"Mittlere Kurpfalz"]
[{"$nulls":8},"Mittlere Ortenau"]
[{"$nulls":8},"Murgtal"]
[{"$nulls":8},"Nordbadische Bergstraße"]
[{"$nulls":8},"Sigmaringen"]
[{"$nulls":8},"St. Alexander Rastatt"]
[{"$nulls":8},"St. Maria Mosbach-Neckarelz"]
[{"$nulls":8},"St. Martin Ettlingen"]
[{"$nulls":8},"Südliche Ortenau"]
[{"$nulls":8},"Wiesental-Dreiländereck"]
[{"$nulls":8},"Wiesloch"]
[{"$nulls":8},"Zollern"]